he prime factors of 68693?
73, 941
What are the prime factors of 1191?
3, 397
What are the prime factors of 414?
2, 3, 23
List the prime factors of 67984.
2, 7, 607
List the prime factors of 28971.
3, 29, 37
List the prime factors of 13239.
3, 1471
List the prime factors of 2504.
2, 313
What are the prime factors of 37029?
3, 12343
List the prime factors of 52348.
2, 23, 569
What are the prime factors of 17145?
3, 5, 127
What are the prime factors of 14606?
2, 67, 109
What are the prime factors of 14262?
2, 3, 2377
What are the prime factors of 4229?
4229
What are the prime factors of 31445?
5, 19, 331
List the prime factors of 11845.
5, 23, 103
What are the prime factors of 7806?
2, 3, 1301
List the prime factors of 46642.
2, 23321
What are the prime factors of 122033?
122033
What are the prime factors of 437?
19, 23
What are the prime factors of 1793?
11, 163
List the prime factors of 12060.
2, 3, 5, 67
What are the prime factors of 2048?
2
What are the prime factors of 72766?
2, 36383
What are the prime factors of 47854?
2, 71, 337
What are the prime factors of 10963?
19, 577
What are the prime factors of 52385?
5, 10477
What are the prime factors of 5818?
2, 2909
List the prime factors of 757.
757
List the prime factors of 7079.
7079
What are the prime factors of 12574?
2, 6287
List the prime factors of 8460.
2, 3, 5, 47
What are the prime factors of 8042?
2, 4021
What are the prime factors of 109?
109
What are the prime factors of 9335?
5, 1867
List the prime factors of 93289.
7, 13327
List the prime factors of 7388.
2, 1847
What are the prime factors of 9341?
9341
What are the prime factors of 532?
2, 7, 19
What are the prime factors of 46275?
3, 5, 617
What are the prime factors of 18285?
3, 5, 23, 53
List the prime factors of 14779.
14779
List the prime factors of 3302.
2, 13, 127
What are the prime factors of 138663?
3, 7, 31, 71
List the prime factors of 154.
2, 7, 11
What are the prime factors of 8218?
2, 7, 587
List the prime factors of 44146.
2, 22073
What are the prime factors of 6822?
2, 3, 379
What are the prime factors of 6773?
13, 521
What are the prime factors of 1723?
1723
What are the prime factors of 22027?
22027
What are the prime factors of 24991?
67, 373
List the prime factors of 2242.
2, 19, 59
List the prime factors of 519.
3, 173
What are the prime factors of 48712?
2, 6089
What are the prime factors of 575?
5, 23
What are the prime factors of 17798?
2, 11, 809
List the prime factors of 1202.
2, 601
List the prime factors of 7027.
7027
What are the prime factors of 18868?
2, 53, 89
List the prime factors of 1929.
3, 643
What are the prime factors of 68608?
2, 67
List the prime factors of 74439.
3, 919
List the prime factors of 1860.
2, 3, 5, 31
What are the prime factors of 5187?
3, 7, 13, 19
What are the prime factors of 25759?
25759
List the prime factors of 14742.
2, 3, 7, 13
List the prime factors of 127290.
2, 3, 5, 4243
What are the prime factors of 4262?
2, 2131
What are the prime factors of 5511?
3, 11, 167
What are the prime factors of 663?
3, 13, 17
What are the prime factors of 49598?
2, 24799
What are the prime factors of 137280?
2, 3, 5, 11, 13
What are the prime factors of 36?
2, 3
What are the prime factors of 36552?
2, 3, 1523
What are the prime factors of 64661?
64661
What are the prime factors of 778?
2, 389
List the prime factors of 2242.
2, 19, 59
List the prime factors of 524.
2, 131
What are the prime factors of 14308?
2, 7, 73
List the prime factors of 1742.
2, 13, 67
List the prime factors of 7463.
17, 439
List the prime factors of 5845.
5, 7, 167
What are the prime factors of 2179?
2179
List the prime factors of 1584.
2, 3, 11
List the prime factors of 3140.
2, 5, 157
What are the prime factors of 6011?
6011
What are the prime factors of 433?
433
List the prime factors of 901.
17, 53
What are the prime factors of 372?
2, 3, 31
What are the prime factors of 81184?
2, 43, 59
List the prime factors of 7114.
2, 3557
List the prime factors of 2232.
2, 3, 31
List the prime factors of 89656.
2, 7, 1601
What are the prime factors of 5295?
3, 5, 353
What are the prime factors of 1215?
3, 5
List the prime factors of 5689.
5689
What are the prime factors of 1122?
2, 3, 11, 17
What are the prime factors of 22362?
2, 3, 3727
What are the prime factors of 10742?
2, 41, 131
What are the prime factors of 88754?
2, 199, 223
List the prime factors of 5083.
13, 17, 23
What are the prime factors of 2060?
2, 5, 103
List the prime factors of 42046.
2, 21023
List the prime factors of 7791.
3, 7, 53
List the prime factors of 11706.
2, 3, 1951
What are the prime factors of 619?
619
What are the prime factors of 787?
787
What are the prime factors of 171?
3, 19
What are the prime factors of 56189?
7, 23, 349
List the prime factors of 1680.
2, 3, 5, 7
What are the prime factors of 1530?
2, 3, 5, 17
List the prime factors of 8533.
7, 23, 53
What are the prime factors of 20367?
3, 31, 73
List the prime factors of 5425.
5, 7, 31
What are the prime factors of 13708?
2, 23, 149
List the prime factors of 39521.
39521
List the prime factors of 758.
2, 379
List the prime factors of 1439.
1439
What are the prime factors of 23531?
23531
What are the prime factors of 67456?
2, 17, 31
What are the prime factors of 23080?
2, 5, 577
List the prime factors of 24189.
3, 11, 733
What are the prime factors of 37265?
5, 29, 257
What are the prime factors of 300?
2, 3, 5
List the prime factors of 8273.
8273
List the prime factors of 1039.
1039
What are the prime factors of 5819?
11, 23
List the prime factors of 379.
379
List the prime factors of 111319.
13, 8563
What are the prime factors of 152787?
3, 50929
What are the prime factors of 14662?
2, 7331
List the prime factors of 2512.
2, 157
What are the prime factors of 169768?
2, 21221
What are the prime factors of 33426?
2, 3, 619
List the prime factors of 168.
2, 3, 7
What are the prime factors of 46995?
3, 5, 13, 241
What are the prime factors of 47614?
2, 7, 19, 179
What are the prime factors of 1485?
3, 5, 11
List the prime factors of 7596.
2, 3, 211
What are the prime factors of 726?
2, 3, 11
List the prime factors of 422.
2, 211
List the prime factors of 884.
2, 13, 17
List the prime factors of 2244.
2, 3, 11, 17
What are the prime factors of 83?
83
List the prime factors of 13866.
2, 3, 2311
What are the prime factors of 492?
2, 3, 41
List the prime factors of 1742.
2, 13, 67
What are the prime factors of 21310?
2, 5, 2131
What are the prime factors of 809?
809
List the prime factors of 1930.
2, 5, 193
What are the prime factors of 6535?
5, 1307
What are the prime factors of 86168?
2, 10771
List the prime factors of 2899.
13, 223
List the prime factors of 2149.
7, 307
What are the prime factors of 1492?
2, 373
What are the prime factors of 3548?
2, 887
List the prime factors of 35363.
35363
List the prime factors of 31774.
2, 15887
What are the prime factors of 8186?
2, 4093
List the prime factors of 7721.
7, 1103
What are the prime factors of 83186?
2, 41593
List the prime factors of 17244.
2, 3, 479
What are the prime factors of 19915?
5, 7, 569
What are the prime factors of 94542?
2, 3, 7, 2251
List the prime factors of 2183.
37, 59
List the prime factors of 10721.
71, 151
What are the prime factors of 13139?
7, 1877
What are the prime factors of 647?
647
List the prime factors of 7199.
23, 313
List the prime factors of 802.
2, 401
What are the prime factors of 2888?
2, 19
What are the prime factors of 760?
2, 5, 19
What are the prime factors of 3906?
2, 3, 7, 31
What are the prime factors of 9694?
2, 37, 131
What are the prime factors of 5765?
5, 1153
List the prime factors of 27587.
7, 563
What are the prime factors of 53226?
2, 3, 2957
What are the prime factors of 1692?
2, 3, 47
What are the prime factors of 908?
2, 227
What are the prime factors of 3701?
3701
List the prime factors of 470.
2, 5, 47
List the prime factors of 551.
19, 29
List the prime factors of 12506.
2, 13, 37
List the prime factors of 102371.
167, 613
List the prime factors of 15070.
2, 5, 11, 137
What are the prime factors of 109722?
2, 3, 18287
List the prime factors of 15137.
15137
What are the prime factors of 1642?
2, 821
What are the prime factors of 3230?
2, 5, 17, 19
List the prime factors